inder when 251 is divided by 165.
86
What is the remainder when 262 is divided by 6?
4
Calculate the remainder when 17190 is divided by 307.
305
What is the remainder when 133 is divided by 27?
25
What is the remainder when 328 is divided by 30?
28
Calculate the remainder when 549 is divided by 50.
49
What is the remainder when 45974 is divided by 97?
93
What is the remainder when 217 is divided by 22?
19
What is the remainder when 1062 is divided by 97?
92
What is the remainder when 3454 is divided by 96?
94
Calculate the remainder when 219 is divided by 103.
13
Calculate the remainder when 1424 is divided by 30.
14
Calculate the remainder when 51 is divided by 21.
9
What is the remainder when 64 is divided by 19?
7
Calculate the remainder when 286 is divided by 33.
22
Calculate the remainder when 5087 is divided by 8.
7
What is the remainder when 92 is divided by 47?
45
What is the remainder when 78 is divided by 25?
3
What is the remainder when 3179 is divided by 118?
111
What is the remainder when 463 is divided by 96?
79
What is the remainder when 288 is divided by 26?
2
What is the remainder when 1338 is divided by 134?
132
What is the remainder when 11 is divided by 10?
1
What is the remainder when 2969 is divided by 1479?
11
What is the remainder when 231 is divided by 78?
75
What is the remainder when 2497 is divided by 40?
17
What is the remainder when 386 is divided by 43?
42
What is the remainder when 1033 is divided by 4?
1
What is the remainder when 71 is divided by 14?
1
Calculate the remainder when 832 is divided by 105.
97
Calculate the remainder when 887 is divided by 48.
23
Calculate the remainder when 52 is divided by 6.
4
Calculate the remainder when 223 is divided by 56.
55
What is the remainder when 337 is divided by 11?
7
Calculate the remainder when 917 is divided by 88.
37
What is the remainder when 192 is divided by 71?
50
Calculate the remainder when 9573 is divided by 4780.
13
What is the remainder when 93 is divided by 10?
3
What is the remainder when 339 is divided by 57?
54
What is the remainder when 347 is divided by 191?
156
What is the remainder when 6 is divided by 5?
1
Calculate the remainder when 344 is divided by 19.
2
What is the remainder when 130 is divided by 31?
6
Calculate the remainder when 11 is divided by 5.
1
What is the remainder when 145 is divided by 47?
4
What is the remainder when 2447 is divided by 42?
11
What is the remainder when 3817 is divided by 5?
2
Calculate the remainder when 128 is divided by 65.
63
What is the remainder when 38 is divided by 7?
3
What is the remainder when 1724 is divided by 11?
8
Calculate the remainder when 208 is divided by 34.
4
Calculate the remainder when 186 is divided by 45.
6
What is the remainder when 887 is divided by 221?
3
What is the remainder when 116 is divided by 24?
20
Calculate the remainder when 413 is divided by 18.
17
What is the remainder when 851 is divided by 227?
170
Calculate the remainder when 152 is divided by 26.
22
Calculate the remainder when 5876 is divided by 210.
206
Calculate the remainder when 162 is divided by 21.
15
What is the remainder when 87 is divided by 27?
6
Calculate the remainder when 161 is divided by 18.
17
What is the remainder when 148 is divided by 10?
8
What is the remainder when 937 is divided by 437?
63
What is the remainder when 299 is divided by 85?
44
Calculate the remainder when 154 is divided by 12.
10
Calculate the remainder when 292 is divided by 49.
47
What is the remainder when 770 is divided by 41?
32
Calculate the remainder when 879 is divided by 80.
79
What is the remainder when 486 is divided by 103?
74
Calculate the remainder when 235 is divided by 14.
11
What is the remainder when 479 is divided by 13?
11
Calculate the remainder when 607 is divided by 66.
13
What is the remainder when 6249 is divided by 133?
131
What is the remainder when 661 is divided by 29?
23
Calculate the remainder when 7997 is divided by 80.
77
Calculate the remainder when 2097 is divided by 410.
47
Calculate the remainder when 1428 is divided by 27.
24
What is the remainder when 181 is divided by 5?
1
Calculate the remainder when 883 is divided by 292.
7
Calculate the remainder when 95 is divided by 31.
2
What is the remainder when 94 is divided by 40?
14
Calculate the remainder when 1793 is divided by 1786.
7
Calculate the remainder when 782 is divided by 56.
54
What is the remainder when 53 is divided by 35?
18
Calculate the remainder when 54 is divided by 18.
0
Calculate the remainder when 186 is divided by 163.
23
What is the remainder when 442 is divided by 5?
2
Calculate the remainder when 1936 is divided by 149.
148
Calculate the remainder when 10620 is divided by 47.
45
Calculate the remainder when 40 is divided by 2.
0
What is the remainder when 4789 is divided by 24?
13
What is the remainder when 1467 is divided by 118?
51
What is the remainder when 139 is divided by 28?
27
Calculate the remainder when 138 is divided by 10.
8
What is the remainder when 380 is divided by 189?
2
Calculate the remainder when 158 is divided by 23.
20
Calculate the remainder when 198 is divided by 77.
44
Calculate the remainder when 60 is divided by 32.
28
What is the remainder when 251 is divided by 84?
83
What is the remainder when 1530 is divided by 21?
18
Calculate the remainder when 1735 is divided by 158.
155
Calculate the remainder when 115 is divided by 13.
11
What is the remainder when 315 is divided by 27?
18
What is the remainder when 809 is divided by 25?
9
Calculate the remainder when 416 is divided by 393.
23
Calculate the remainder when 621 is divided by 117.
36
What is the remainder when 3860 is divided by 52?
12
What is the remainder when 539 is divided by 85?
29
Calculate the remainder when 8625 is divided by 4303.
19
Calculate the remainder when 11587 is divided by 252.
247
What is the remainder when 645 is divided by 54?
51
What is the remainder when 49 is divided by 9?
4
What is the remainder when 741 is divided by 72?
21
Calculate the remainder when 74 is divided by 26.
22
What is the remainder when 212 is divided by 3?
2
What is the remainder when 741 is divided by 44?
37
What is the remainder when 217 is divided by 51?
13
What is the remainder when 171 is divided by 92?
79
Calculate the remainder when 575 is divided by 20.
15
What is the remainder when 1631 is divided by 24?
23
What is the remainder when 122 is divided by 67?
55
Calculate the remainder when 257 is divided by 20.
17
What is the remainder when 10905 is divided by 303?
300
What is the remainder when 3884 is divided by 29?
27
What is the remainder when 100 is divided by 57?
43
What is the remainder when 85 is divided by 19?
9
Calculate the remainder when 19816 is divided by 7.
6
What is the remainder when 207 is divided by 174?
33
Calculate the remainder when 2566 is divided by 2539.
27
What is the remainder when 4839 is divided by 231?
219
What is the remainder when 1815 is divided by 28?
23
What is the remainder when 4086 is divided by 33?
27
Calculate the remainder when 13 is divided by 2.
1
What is the remainder when 513 is divided by 14?
9
What is the remainder when 1454 is divided by 180?
14
What is the remainder when 179 is divided by 53?
20
Calculate the remainder when 140 is divided by 48.
44
Calculate the remainder when 1680 is divided by 186.
6
Calculate the remainder when 11273 is divided by 21.
17
Calculate the remainder when 666 is divided by 137.
118
Calculate the remainder when 2045 is divided by 33.
32
What is the remainder when 330 is divided by 59?
35
Calculate the remainder when 86 is divided by 4.
2
Calculate the remainder when 21 is divided by 8.
5
What is the remainder when 2009 is divided by 96?
89
What is the remainder when 1053 is divided by 132?
129
What is the remainder when 142 is divided by 48?
46
What is the remainder when 305 is divided by 62?
57
Calculate the remainder when 351 is divided by 52.
39
What is the remainder when 63 is divided by 49?
14
What is the remainder when 7479 is divided by 174?
171
What is the remainder when 187 is divided by 11?
0
What is the remainder when 277 is divided by 20?
17
Calculate the remainder when 218 is divided by 74.
70
What is the remainder when 2415 is divided by 24?
15